 -34 + 63. Calculate the remainder when j is divided by y.
9
Suppose -141 = -5*h + 4*r, -2*h = -3*h + 2*r + 33. Let f = -3 + 16. Calculate the remainder when h is divided by f.
12
Suppose 2*a - 29 = -3*x, -x + 30 = x - 4*a. What is the remainder when (-1 - -1 - 0) + 31 is divided by x?
9
Suppose 0 = -2*s + 6 - 0. Suppose 4 = 5*w - a - 18, -20 = -s*w + 4*a. What is the remainder when 13 is divided by w?
1
Let v be ((-4)/(-6))/((-6)/9). What is the remainder when (20/3)/(v/(-3)) is divided by 11?
9
Suppose -2*r - 3*z = 2*r - 35, -r + 2*z + 17 = 0. Let s be 3*6/(-4)*2. Let x(q) = -q + 12. Calculate the remainder when x(s) is divided by r.
10
Let k(z) = z**2 - 11*z - 11. Let i be k(12). What is the remainder when (0 - -5)/(i/17) is divided by 22?
19
Suppose -5*t - 5*h - 15 = 0, -5 - 7 = 3*h. Let a be (-1)/((-1)/20) - t. Let w = 10 + a. Calculate the remainder when w is divided by 10.
9
Suppose 8*g = -2*g + 130. Calculate the remainder when (-2 + 5)*76/6 is divided by g.
12
Suppose -112 = -2*o - 6*o. Calculate the remainder when 96 is divided by o.
12
Let t = 93 - -50. Calculate the remainder when t is divided by 36.
35
What is the remainder when 15 - 10/15*-3 is divided by 5?
2
Suppose -4*z = -3*a + 46, -7 = -3*a + z + 36. Let t(y) = 2*y**2 + 5*y - 9. Calculate the remainder when t(-7) is divided by a.
12
Calculate the remainder when 33 is divided by -3*(17 + 1)/(-3).
15
Let z(q) = q**2 - 16*q + 4. Let h be z(16). Suppose 2*r - h*r - 2*t + 12 = 0, r + 4*t = 18. What is the remainder when r is divided by 0 + 1*(0 - -1)?
0
Suppose 4*a - 34 = -r + 18, 2*r + 22 = a. Calculate the remainder when a is divided by 9.
5
Suppose 9*w + 296 = 13*w. Calculate the remainder when w is divided by 25.
24
Suppose -3*o = -y - 4 + 1, 2*o + 4*y + 12 = 0. What is the remainder when (-1 - o)/((-4)/40) is divided by 6?
4
Let p = -1 + 1. Suppose p = 2*o - 5*s - 35, o - 5 = 2*o + 2*s. Suppose 31 = 3*i + 5*j, 31 = -o*i - 2*j + 89. What is the remainder when i is divided by 7?
5
Let v be 6/((0 - -2) + 0). Suppose -147 = -0*j - v*j. Calculate the remainder when j is divided by 13.
10
Let o(s) = s**2 - 6*s + 9. Calculate the remainder when 28 is divided by o(7).
12
Let l = -18 - -38. Let x(r) = 7*r**2 - 6*r + 5. Let w be x(7). Suppose s = 2*i + 82, -4*s - i - 2*i = -w. Calculate the remainder when s is divided by l.
18
Let a(c) = 3*c + 19. What is the remainder when 5 is divided by a(-5)?
1
Suppose -2*a - 3*k + 12 = 0, a - 5 + 0 = -k. Suppose 0 = -2*x + 4*u + 32, 4*x - 34 = 2*u - 0*u. What is the remainder when a is divided by -3*(1 + 0) + x?
0
Let o(j) = -1 - 3 + 2*j - 4*j + 3*j. Suppose -h - 10 = -3*h. Calculate the remainder when o(13) is divided by h.
4
Suppose -2*f + 0*f - 48 = 0. Let w = f + 40. Calculate the remainder when 46 is divided by w.
14
Suppose 0 = -5*x - 2*l + 30, -x + l + 11 = 3*x. Calculate the remainder when x is divided by 2.
0
Suppose 4*w = 3*w + 14. Suppose 4*b + b + 5 = 0, 3*j - 4*b = 13. Suppose -3*u + j*d = -0*d - 9, 3*u + d - 17 = 0. What is the remainder when w is divided by u?
4
Calculate the remainder when -1 - 0 - 116/(-4) is divided by 3.
1
Suppose -5*t + 4*z + 395 = 0, 4*t - 31 - 311 = -2*z. Suppose -5*l - t = -6*l. What is the remainder when l is divided by 21?
20
Suppose 0 = -2*i + 8*i - 354. What is the remainder when i is divided by 10?
9
Suppose -2*o - 4*q + 36 = 0, -3*o + 5*q - 17 = -2*o. What is the remainder when 12 is divided by o?
4
Let p(g) = -g**3 + 2*g**2 + 5*g - 4. Let v be p(-4). Suppose b = 4*b - v. What is the remainder when 70 is divided by b?
22
Suppose -j + 21 = -15. Calculate the remainder when j is divided by 13.
10
Suppose 0 = b + n - 65, -180 = -3*b - n + 3*n. Calculate the remainder when b is divided by 13.
10
Calculate the remainder when 48 is divided by 10/(-45) - (-476)/36.
9
Let y = 31 + -2. Let a = 26 + -7. Let j = y - a. Calculate the remainder when j is divided by 6.
4
Let q(i) = i**3 - 5*i**2 - i - 1. Let o be q(5). Suppose -29 = -v - 4*d + 2*d, -d - 80 = -3*v. Calculate the remainder when v is divided by (-87)/o + (-2)/4.
13
Let h = 13 + -2. Calculate the remainder when 31 is divided by h.
9
Let n be 2*(2 + 3/(-2)). Let l(j) = 3*j**2. Calculate the remainder when l(-3) is divided by 16 + 0 - (n - -1).
13
Suppose 5*l - 47 = 83. What is the remainder when l is divided by 7?
5
Suppose -7*q + 1200 = 5*q. Calculate the remainder when q is divided by 51.
49
Let w(u) = -8*u - 5*u + 4*u + 1. What is the remainder when 27 is divided by w(-1)?
7
Suppose 0*f + f - 4*l - 13 = 0, -5*f + 5*l = -50. What is the remainder when f is divided by 5?
4
Let n(b) = 6*b - 6. Let h = 21 + -15. Calculate the remainder when n(h) is divided by 16.
14
Let u be 2/4 - (-195)/10. Suppose 2*j + 4*y = 20, 2*j - j + u = 4*y. Suppose j = h + 4 - 16. Calculate the remainder when 22 is divided by h.
10
Let v = -2 + 10. Let u = 21 + -3. Let l = 31 - u. What is the remainder when l is divided by v?
5
Suppose q - 176 = -4*h - 3*q, -161 = -4*h + q. What is the remainder when h is divided by 11?
8
Let z be -57 - 0/(-2 + 3). Let y = 85 + z. What is the remainder when y is divided by 10?
8
Suppose -c + 15 - 1 = 0. Suppose -4 = -u + 6. Calculate the remainder when c is divided by (-82)/(-10) - 2/u.
6
What is the remainder when (-1330)/(-16) - (-3)/(-24) is divided by 28?
27
Suppose -2*d + 3*m + 36 = -m, 10 = -2*m. Suppose 5*t = 38 + 2. What is the remainder when d is divided by (-14)/(-4) - 4/t?
2
Let d = 2 + 10. Let m be d*3 + 2 + 0. Calculate the remainder when (m/(-3))/((-1)/3) is divided by 13.
12
Suppose -5*v + 8 = -0*t + 4*t, -29 = -5*v + 3*t. What is the remainder when 14 is divided by (v + 1)/(1/1)?
4
Let x(o) = 7*o**2 + 3*o. What is the remainder when x(-2) is divided by 8?
6
Suppose 3*m - 125 = 4*l, -l - 50 = -m + 2*l. Suppose 0*g - g - 3*j + m = 0, 2*g + 3*j = 55. What is the remainder when 57 is divided by g?
17
Let v(j) = 2*j - 11. Let p be v(-9). Let m = 57 + p. Calculate the remainder when m is divided by (10/(-6))/(1/(-6)).
8
Let q = -79 - -119. Calculate the remainder when 119 is divided by q.
39
Let b be -1*10/(-4)*-6. Let l(r) = -161*r - 3. Let s be l(3). What is the remainder when 8/(-20) + s/b is divided by 17?
15
Let p = 6 - 0. Let g = -17 + 19. What is the remainder when p is divided by g?
0
Suppose 10 = -2*l, -g + 3*l = 6*l - 39. Calculate the remainder when g is divided by 29.
25
Suppose 16 = 9*x - 65. Calculate the remainder when x is divided by -1*5/(-1)*1.
4
Let k(m) = m**3 - 7*m**2 - 6*m - 6. Calculate the remainder when 26 is divided by k(8).
6
Suppose -8 + 50 = 3*m. Calculate the remainder when 22 is divided by m.
8
Calculate the remainder when 56 is divided by 57/(-2)*4/(-6).
18
Let t(u) = 10*u - 2. Let w be t(2). Let i = w + -6. Calculate the remainder when 23 is divided by i.
11
Let v be (12/2)/2*-2. Let m(k) = k**3 + 7*k**2 + 6*k + 4. Suppose 0 = -3*d + 15 + 15. Calculate the remainder when d is divided by m(v).
2
Suppose 0 = -i - 4 + 51. Calculate the remainder when i is divided by 48/14*(-147)/(-42).
11
Suppose 5*g + 30 = 10*g. What is the remainder when 19 is divided by g?
1
Let h(s) = s**3 + 3*s**2 + 2*s. Let j be h(-2). Let d be 2/(-2) - (-14 + 11). What is the remainder when 7 is divided by (-6)/(d - j - 4)?
1
Let l = 13 + -21. Let t = l + 19. Let w = 6 + t. Calculate the remainder when 32 is divided by w.
15
Let j = 22 - 3. Let b = 134 + -79. Calculate the remainder when b - (-3 - -2 - -1) is divided by j.
17
Suppose -4*f + 24 = 4*r, 3*r = 2*f - 4*f + 16. Suppose -4 = f*v - 4*z, 5*v - 71 + 21 = -5*z. Let h = 38 - 21. Calculate the remainder when h is divided by v.
5
Let w = -42 + 25. Let q = w + 31. What is the remainder when 40 is divided by q - 0/((-6)/(-3))?
12
Let u = 3 + 6. Suppose -11*j = -u*j - 18. What is the remainder when 43 is divided by j?
7
Let d = -12 + 55. Suppose -5*z = -72 - d. Suppose -p = -z + 6. What is the remainder when 49 is divided by p?
15
Suppose 2*z - 24 = -0*z. Suppose r - g = 11 + 8, -r + 22 = -2*g. Suppose 0 = 3*x - 5*c - r, x - 2*c - 9 = -4*c. What is the remainder when z is divided by x?
5
What is the remainder when 195 is divided by (-151)/(-3) + (3/(-9) - 0)?
45
Suppose -l - 15 = -4*l. Suppose -l*i = -2*i - 30. What is the remainder when i is divided by 4?
2
Let v = 2 + -8. Wh